{"id":1180,"date":"2021-02-04T03:58:58","date_gmt":"2021-02-04T03:58:58","guid":{"rendered":"https:\/\/inovarmudancas.com.br\/index.php\/contact-2\/"},"modified":"2023-04-20T08:55:30","modified_gmt":"2023-04-20T11:55:30","slug":"contato","status":"publish","type":"page","link":"https:\/\/inovarmudancas.com.br\/index.php\/contato\/","title":{"rendered":"Contato"},"content":{"rendered":"\t\t<div data-elementor-type=\"wp-page\" data-elementor-id=\"1180\" class=\"elementor elementor-1180\" data-elementor-settings=\"[]\">\n\t\t\t\t\t\t\t<div class=\"elementor-section-wrap\">\n\t\t\t\t\t\t\t<section class=\"elementor-section elementor-top-section elementor-element elementor-element-e941ece elementor-section-boxed elementor-section-height-default elementor-section-height-default\" data-id=\"e941ece\" data-element_type=\"section\" data-settings=\"{&quot;background_background&quot;:&quot;classic&quot;}\">\n\t\t\t\t\t\t\t<div class=\"elementor-background-overlay\"><\/div>\n\t\t\t\t\t\t\t<div class=\"elementor-container elementor-column-gap-no\">\n\t\t\t\t\t<div class=\"elementor-column elementor-col-100 elementor-top-column elementor-element elementor-element-3fe0b8f\" data-id=\"3fe0b8f\" data-element_type=\"column\">\n\t\t\t<div class=\"elementor-widget-wrap elementor-element-populated\">\n\t\t\t\t\t\t\t\t<div class=\"elementor-element elementor-element-60f4a16 elementor-widget elementor-widget-heading\" data-id=\"60f4a16\" data-element_type=\"widget\" data-widget_type=\"heading.default\">\n\t\t\t\t<div class=\"elementor-widget-container\">\n\t\t\t<h1 class=\"elementor-heading-title elementor-size-default\">Contato<\/h1>\t\t<\/div>\n\t\t\t\t<\/div>\n\t\t\t\t\t<\/div>\n\t\t<\/div>\n\t\t\t\t\t\t\t<\/div>\n\t\t<\/section>\n\t\t\t\t<section class=\"elementor-section elementor-top-section elementor-element elementor-element-58deff8 elementor-section-content-middle elementor-reverse-mobile elementor-section-boxed elementor-section-height-default elementor-section-height-default\" data-id=\"58deff8\" data-element_type=\"section\">\n\t\t\t\t\t\t<div class=\"elementor-container elementor-column-gap-no\">\n\t\t\t\t\t<div class=\"elementor-column elementor-col-100 elementor-top-column elementor-element elementor-element-3a87c19\" data-id=\"3a87c19\" data-element_type=\"column\">\n\t\t\t<div class=\"elementor-widget-wrap elementor-element-populated\">\n\t\t\t\t\t\t\t\t<div class=\"elementor-element elementor-element-72d1735 elementor-view-stacked elementor-position-left elementor-shape-circle elementor-vertical-align-top elementor-widget elementor-widget-icon-box\" data-id=\"72d1735\" data-element_type=\"widget\" data-widget_type=\"icon-box.default\">\n\t\t\t\t<div class=\"elementor-widget-container\">\n\t\t\t\t\t<div class=\"elementor-icon-box-wrapper\">\n\t\t\t\t\t\t<div class=\"elementor-icon-box-icon\">\n\t\t\t\t<span class=\"elementor-icon elementor-animation-\" >\n\t\t\t\t<i aria-hidden=\"true\" class=\"fas fa-map-marker-alt\"><\/i>\t\t\t\t<\/span>\n\t\t\t<\/div>\n\t\t\t\t\t\t<div class=\"elementor-icon-box-content\">\n\t\t\t\t<h6 class=\"elementor-icon-box-title\">\n\t\t\t\t\t<span >Nosso Endere\u00e7o para atendimento<\/span>\n\t\t\t\t<\/h6>\n\t\t\t\t\t\t\t\t<p class=\"elementor-icon-box-description\">Rua Nogueira martins 358 SALA 02 -Centro Sorocaba-SP<\/p>\n\t\t\t\t\t\t\t<\/div>\n\t\t<\/div>\n\t\t\t\t<\/div>\n\t\t\t\t<\/div>\n\t\t\t\t<div class=\"elementor-element elementor-element-57a9f1f elementor-view-stacked elementor-position-left elementor-shape-circle elementor-vertical-align-top elementor-widget elementor-widget-icon-box\" data-id=\"57a9f1f\" data-element_type=\"widget\" data-widget_type=\"icon-box.default\">\n\t\t\t\t<div class=\"elementor-widget-container\">\n\t\t\t\t\t<div class=\"elementor-icon-box-wrapper\">\n\t\t\t\t\t\t<div class=\"elementor-icon-box-icon\">\n\t\t\t\t<span class=\"elementor-icon elementor-animation-\" >\n\t\t\t\t<i aria-hidden=\"true\" class=\"fas fa-envelope\"><\/i>\t\t\t\t<\/span>\n\t\t\t<\/div>\n\t\t\t\t\t\t<div class=\"elementor-icon-box-content\">\n\t\t\t\t<h6 class=\"elementor-icon-box-title\">\n\t\t\t\t\t<span >Email<\/span>\n\t\t\t\t<\/h6>\n\t\t\t\t\t\t\t\t<p class=\"elementor-icon-box-description\">mudancasinovar@gmail.com<\/p>\n\t\t\t\t\t\t\t<\/div>\n\t\t<\/div>\n\t\t\t\t<\/div>\n\t\t\t\t<\/div>\n\t\t\t\t<div class=\"elementor-element elementor-element-6ab9864 elementor-view-stacked elementor-position-left elementor-shape-circle elementor-vertical-align-top elementor-widget elementor-widget-icon-box\" data-id=\"6ab9864\" data-element_type=\"widget\" data-widget_type=\"icon-box.default\">\n\t\t\t\t<div class=\"elementor-widget-container\">\n\t\t\t\t\t<div class=\"elementor-icon-box-wrapper\">\n\t\t\t\t\t\t<div class=\"elementor-icon-box-icon\">\n\t\t\t\t<span class=\"elementor-icon elementor-animation-\" >\n\t\t\t\t<i aria-hidden=\"true\" class=\"fas fa-phone\"><\/i>\t\t\t\t<\/span>\n\t\t\t<\/div>\n\t\t\t\t\t\t<div class=\"elementor-icon-box-content\">\n\t\t\t\t<h6 class=\"elementor-icon-box-title\">\n\t\t\t\t\t<span >Atendimento<\/span>\n\t\t\t\t<\/h6>\n\t\t\t\t\t\t\t\t<p class=\"elementor-icon-box-description\">(15) 98188-3488<\/p>\n\t\t\t\t\t\t\t<\/div>\n\t\t<\/div>\n\t\t\t\t<\/div>\n\t\t\t\t<\/div>\n\t\t\t\t<div class=\"elementor-element elementor-element-4790934 elementor-widget elementor-widget-button\" data-id=\"4790934\" data-element_type=\"widget\" data-widget_type=\"button.default\">\n\t\t\t\t<div class=\"elementor-widget-container\">\n\t\t\t\t\t<div class=\"elementor-button-wrapper\">\n\t\t\t<a href=\"https:\/\/api.whatsapp.com\/send?phone=5515981883488\" class=\"elementor-button-link elementor-button elementor-size-sm\" role=\"button\">\n\t\t\t\t\t\t<span class=\"elementor-button-content-wrapper\">\n\t\t\t\t\t\t<span class=\"elementor-button-icon elementor-align-icon-left\">\n\t\t\t\t<i aria-hidden=\"true\" class=\"fab fa-whatsapp\"><\/i>\t\t\t<\/span>\n\t\t\t\t\t\t<span class=\"elementor-button-text\">Atendimento WhatsApp<\/span>\n\t\t<\/span>\n\t\t\t\t\t<\/a>\n\t\t<\/div>\n\t\t\t\t<\/div>\n\t\t\t\t<\/div>\n\t\t\t\t\t<\/div>\n\t\t<\/div>\n\t\t\t\t\t\t\t<\/div>\n\t\t<\/section>\n\t\t\t\t<section class=\"elementor-section elementor-top-section elementor-element elementor-element-fd7383f elementor-section-boxed elementor-section-height-default elementor-section-height-default\" data-id=\"fd7383f\" data-element_type=\"section\">\n\t\t\t\t\t\t<div class=\"elementor-container elementor-column-gap-default\">\n\t\t\t\t\t<div class=\"elementor-column elementor-col-100 elementor-top-column elementor-element elementor-element-c828884\" data-id=\"c828884\" data-element_type=\"column\">\n\t\t\t<div class=\"elementor-widget-wrap elementor-element-populated\">\n\t\t\t\t\t\t\t\t<div class=\"elementor-element elementor-element-05a0e06 elementor-widget elementor-widget-heading\" data-id=\"05a0e06\" data-element_type=\"widget\" data-widget_type=\"heading.default\">\n\t\t\t\t<div class=\"elementor-widget-container\">\n\t\t\t<h2 class=\"elementor-heading-title elementor-size-default\">Mudan\u00e7as em Sorocaba  Vamos Inovar !!!<\/h2>\t\t<\/div>\n\t\t\t\t<\/div>\n\t\t\t\t\t<\/div>\n\t\t<\/div>\n\t\t\t\t\t\t\t<\/div>\n\t\t<\/section>\n\t\t\t\t\t\t<\/div>\n\t\t\t\t\t<\/div>\n\t\t","protected":false},"excerpt":{"rendered":"<p>Contato Nosso Endere\u00e7o para atendimento Rua Nogueira martins 358 SALA 02 -Centro Sorocaba-SP Email mudancasinovar@gmail.com Atendimento (15) 98188-3488 Atendimento WhatsApp Mudan\u00e7as em Sorocaba Vamos Inovar !!!<\/p>\n","protected":false},"author":1,"featured_media":1301,"parent":0,"menu_order":0,"comment_status":"closed","ping_status":"closed","template":"","meta":{"om_disable_all_campaigns":false,"_monsterinsights_skip_tracking":false,"_monsterinsights_sitenote_active":false,"_monsterinsights_sitenote_note":"","_monsterinsights_sitenote_category":0},"yoast_head":"<!-- This site is optimized with the Yoast SEO plugin v16.1.1 - https:\/\/yoast.com\/wordpress\/plugins\/seo\/ -->\n<title>Contato - Inovar Mudan\u00e7as Sorocaba<\/title>\n<meta name=\"description\" content=\"Contato Inovar Mudan\u00e7as Sorocaba (15) 98129-8673 Mudan\u00e7as Residenciais em Sorocaba e Regi\u00e3o Servi\u00e7os Completo de Mudan\u00e7as em Sorocaba\" \/>\n<link rel=\"canonical\" href=\"https:\/\/inovarmudancas.com.br\/index.php\/contato\/\" \/>\n<meta property=\"og:locale\" content=\"en_US\" \/>\n<meta property=\"og:type\" content=\"article\" \/>\n<meta property=\"og:title\" content=\"Contato - Inovar Mudan\u00e7as Sorocaba\" \/>\n<meta property=\"og:description\" content=\"Contato Inovar Mudan\u00e7as Sorocaba (15) 98129-8673 Mudan\u00e7as Residenciais em Sorocaba e Regi\u00e3o Servi\u00e7os Completo de Mudan\u00e7as em Sorocaba\" \/>\n<meta property=\"og:url\" content=\"https:\/\/inovarmudancas.com.br\/index.php\/contato\/\" \/>\n<meta property=\"og:site_name\" content=\"Inovar Mudan\u00e7as Sorocaba\" \/>\n<meta property=\"article:modified_time\" content=\"2023-04-20T11:55:30+00:00\" \/>\n<meta property=\"og:image\" content=\"https:\/\/inovarmudancas.com.br\/wp-content\/uploads\/2021\/04\/telfonista-mudancas.jpg\" \/>\n\t<meta property=\"og:image:width\" content=\"900\" \/>\n\t<meta property=\"og:image:height\" content=\"600\" \/>\n<meta name=\"twitter:card\" content=\"summary_large_image\" \/>\n<meta name=\"twitter:label1\" content=\"Est. reading time\">\n\t<meta name=\"twitter:data1\" content=\"1 minute\">\n<script type=\"application\/ld+json\" class=\"yoast-schema-graph\">{\"@context\":\"https:\/\/schema.org\",\"@graph\":[{\"@type\":\"WebSite\",\"@id\":\"https:\/\/inovarmudancas.com.br\/#website\",\"url\":\"https:\/\/inovarmudancas.com.br\/\",\"name\":\"Inovar Mudan\\u00e7as Sorocaba\",\"description\":\"S\\u00f3 mais um site WordPress\",\"potentialAction\":[{\"@type\":\"SearchAction\",\"target\":\"https:\/\/inovarmudancas.com.br\/?s={search_term_string}\",\"query-input\":\"required name=search_term_string\"}],\"inLanguage\":\"en-US\"},{\"@type\":\"ImageObject\",\"@id\":\"https:\/\/inovarmudancas.com.br\/index.php\/contato\/#primaryimage\",\"inLanguage\":\"en-US\",\"url\":\"https:\/\/inovarmudancas.com.br\/wp-content\/uploads\/2021\/04\/telfonista-mudancas.jpg\",\"contentUrl\":\"https:\/\/inovarmudancas.com.br\/wp-content\/uploads\/2021\/04\/telfonista-mudancas.jpg\",\"width\":900,\"height\":600,\"caption\":\"Atendimento Inovar Mudan\\u00e7as\"},{\"@type\":\"WebPage\",\"@id\":\"https:\/\/inovarmudancas.com.br\/index.php\/contato\/#webpage\",\"url\":\"https:\/\/inovarmudancas.com.br\/index.php\/contato\/\",\"name\":\"Contato - Inovar Mudan\\u00e7as Sorocaba\",\"isPartOf\":{\"@id\":\"https:\/\/inovarmudancas.com.br\/#website\"},\"primaryImageOfPage\":{\"@id\":\"https:\/\/inovarmudancas.com.br\/index.php\/contato\/#primaryimage\"},\"datePublished\":\"2021-02-04T03:58:58+00:00\",\"dateModified\":\"2023-04-20T11:55:30+00:00\",\"description\":\"Contato Inovar Mudan\\u00e7as Sorocaba (15) 98129-8673 Mudan\\u00e7as Residenciais em Sorocaba e Regi\\u00e3o Servi\\u00e7os Completo de Mudan\\u00e7as em Sorocaba\",\"breadcrumb\":{\"@id\":\"https:\/\/inovarmudancas.com.br\/index.php\/contato\/#breadcrumb\"},\"inLanguage\":\"en-US\",\"potentialAction\":[{\"@type\":\"ReadAction\",\"target\":[\"https:\/\/inovarmudancas.com.br\/index.php\/contato\/\"]}]},{\"@type\":\"BreadcrumbList\",\"@id\":\"https:\/\/inovarmudancas.com.br\/index.php\/contato\/#breadcrumb\",\"itemListElement\":[{\"@type\":\"ListItem\",\"position\":1,\"item\":{\"@type\":\"WebPage\",\"@id\":\"https:\/\/inovarmudancas.com.br\/\",\"url\":\"https:\/\/inovarmudancas.com.br\/\",\"name\":\"In\\u00edcio\"}},{\"@type\":\"ListItem\",\"position\":2,\"item\":{\"@type\":\"WebPage\",\"@id\":\"https:\/\/inovarmudancas.com.br\/index.php\/contato\/\",\"url\":\"https:\/\/inovarmudancas.com.br\/index.php\/contato\/\",\"name\":\"Contato\"}}]}]}<\/script>\n<!-- \/ Yoast SEO plugin. -->","uagb_featured_image_src":{"full":["https:\/\/inovarmudancas.com.br\/wp-content\/uploads\/2021\/04\/telfonista-mudancas.jpg",900,600,false],"thumbnail":["https:\/\/inovarmudancas.com.br\/wp-content\/uploads\/2021\/04\/telfonista-mudancas-150x150.jpg",150,150,true],"medium":["https:\/\/inovarmudancas.com.br\/wp-content\/uploads\/2021\/04\/telfonista-mudancas-300x200.jpg",300,200,true],"medium_large":["https:\/\/inovarmudancas.com.br\/wp-content\/uploads\/2021\/04\/telfonista-mudancas-768x512.jpg",768,512,true],"large":["https:\/\/inovarmudancas.com.br\/wp-content\/uploads\/2021\/04\/telfonista-mudancas.jpg",900,600,false],"1536x1536":["https:\/\/inovarmudancas.com.br\/wp-content\/uploads\/2021\/04\/telfonista-mudancas.jpg",900,600,false],"2048x2048":["https:\/\/inovarmudancas.com.br\/wp-content\/uploads\/2021\/04\/telfonista-mudancas.jpg",900,600,false],"woocommerce_thumbnail":["https:\/\/inovarmudancas.com.br\/wp-content\/uploads\/2021\/04\/telfonista-mudancas-300x300.jpg",300,300,true],"woocommerce_single":["https:\/\/inovarmudancas.com.br\/wp-content\/uploads\/2021\/04\/telfonista-mudancas-600x400.jpg",600,400,true],"woocommerce_gallery_thumbnail":["https:\/\/inovarmudancas.com.br\/wp-content\/uploads\/2021\/04\/telfonista-mudancas-100x100.jpg",100,100,true],"shop_catalog":["https:\/\/inovarmudancas.com.br\/wp-content\/uploads\/2021\/04\/telfonista-mudancas-300x300.jpg",300,300,true],"shop_single":["https:\/\/inovarmudancas.com.br\/wp-content\/uploads\/2021\/04\/telfonista-mudancas.jpg",600,400,false],"shop_thumbnail":["https:\/\/inovarmudancas.com.br\/wp-content\/uploads\/2021\/04\/telfonista-mudancas-100x100.jpg",100,100,true]},"uagb_author_info":{"display_name":"Mudan\u00e7as em Sorocaba Inovar","author_link":"https:\/\/inovarmudancas.com.br\/index.php\/author\/mudancasrei\/"},"uagb_comment_info":0,"uagb_excerpt":"Contato Nosso Endere\u00e7o para atendimento Rua Nogueira martins 358 SALA 02 -Centro Sorocaba-SP Email mudancasinovar@gmail.com Atendimento (15) 98188-3488 Atendimento WhatsApp Mudan\u00e7as em Sorocaba Vamos Inovar !!!","_links":{"self":[{"href":"https:\/\/inovarmudancas.com.br\/index.php\/wp-json\/wp\/v2\/pages\/1180"}],"collection":[{"href":"https:\/\/inovarmudancas.com.br\/index.php\/wp-json\/wp\/v2\/pages"}],"about":[{"href":"https:\/\/inovarmudancas.com.br\/index.php\/wp-json\/wp\/v2\/types\/page"}],"author":[{"embeddable":true,"href":"https:\/\/inovarmudancas.com.br\/index.php\/wp-json\/wp\/v2\/users\/1"}],"replies":[{"embeddable":true,"href":"https:\/\/inovarmudancas.com.br\/index.php\/wp-json\/wp\/v2\/comments?post=1180"}],"version-history":[{"count":29,"href":"https:\/\/inovarmudancas.com.br\/index.php\/wp-json\/wp\/v2\/pages\/1180\/revisions"}],"predecessor-version":[{"id":1537,"href":"https:\/\/inovarmudancas.com.br\/index.php\/wp-json\/wp\/v2\/pages\/1180\/revisions\/1537"}],"wp:featuredmedia":[{"embeddable":true,"href":"https:\/\/inovarmudancas.com.br\/index.php\/wp-json\/wp\/v2\/media\/1301"}],"wp:attachment":[{"href":"https:\/\/inovarmudancas.com.br\/index.php\/wp-json\/wp\/v2\/media?parent=1180"}],"curies":[{"name":"wp","href":"https:\/\/api.w.org\/{rel}","templated":true}]}}