{"id":1185,"date":"2021-02-04T05:11:51","date_gmt":"2021-02-04T05:11:51","guid":{"rendered":"https:\/\/inovarmudancas.com.br\/index.php\/all-courses-2\/"},"modified":"2021-04-17T14:15:50","modified_gmt":"2021-04-17T17:15:50","slug":"empresa","status":"publish","type":"page","link":"https:\/\/inovarmudancas.com.br\/index.php\/empresa\/","title":{"rendered":"Empresa"},"content":{"rendered":"\t\t<div data-elementor-type=\"wp-page\" data-elementor-id=\"1185\" class=\"elementor elementor-1185\" data-elementor-settings=\"[]\">\n\t\t\t\t\t\t\t<div class=\"elementor-section-wrap\">\n\t\t\t\t\t\t\t<section class=\"elementor-section elementor-top-section elementor-element elementor-element-8f7012d elementor-section-boxed elementor-section-height-default elementor-section-height-default\" data-id=\"8f7012d\" data-element_type=\"section\" data-settings=\"{&quot;background_background&quot;:&quot;classic&quot;}\">\n\t\t\t\t\t\t\t<div class=\"elementor-background-overlay\"><\/div>\n\t\t\t\t\t\t\t<div class=\"elementor-container elementor-column-gap-no\">\n\t\t\t\t\t<div class=\"elementor-column elementor-col-100 elementor-top-column elementor-element elementor-element-41f6b6a\" data-id=\"41f6b6a\" data-element_type=\"column\">\n\t\t\t<div class=\"elementor-widget-wrap elementor-element-populated\">\n\t\t\t\t\t\t\t\t<div class=\"elementor-element elementor-element-85890e9 elementor-widget elementor-widget-heading\" data-id=\"85890e9\" data-element_type=\"widget\" data-widget_type=\"heading.default\">\n\t\t\t\t<div class=\"elementor-widget-container\">\n\t\t\t<h1 class=\"elementor-heading-title elementor-size-default\">Empresa de Mudan\u00e7as<\/h1>\t\t<\/div>\n\t\t\t\t<\/div>\n\t\t\t\t\t<\/div>\n\t\t<\/div>\n\t\t\t\t\t\t\t<\/div>\n\t\t<\/section>\n\t\t\t\t<section class=\"elementor-section elementor-top-section elementor-element elementor-element-ea5ad50 elementor-section-boxed elementor-section-height-default elementor-section-height-default\" data-id=\"ea5ad50\" data-element_type=\"section\" data-settings=\"{&quot;background_background&quot;:&quot;classic&quot;}\">\n\t\t\t\t\t\t<div class=\"elementor-container elementor-column-gap-no\">\n\t\t\t\t\t<div class=\"elementor-column elementor-col-100 elementor-top-column elementor-element elementor-element-d43d2d9\" data-id=\"d43d2d9\" data-element_type=\"column\">\n\t\t\t<div class=\"elementor-widget-wrap\">\n\t\t\t\t\t\t\t\t\t<\/div>\n\t\t<\/div>\n\t\t\t\t\t\t\t<\/div>\n\t\t<\/section>\n\t\t\t\t<section class=\"elementor-section elementor-top-section elementor-element elementor-element-76e5dfe elementor-section-boxed elementor-section-height-default elementor-section-height-default\" data-id=\"76e5dfe\" data-element_type=\"section\">\n\t\t\t\t\t\t<div class=\"elementor-container elementor-column-gap-no\">\n\t\t\t\t\t<div class=\"elementor-column elementor-col-100 elementor-top-column elementor-element elementor-element-e98b60a\" data-id=\"e98b60a\" data-element_type=\"column\">\n\t\t\t<div class=\"elementor-widget-wrap elementor-element-populated\">\n\t\t\t\t\t\t\t\t<section class=\"elementor-section elementor-inner-section elementor-element elementor-element-b9e5c24 elementor-section-boxed elementor-section-height-default elementor-section-height-default\" data-id=\"b9e5c24\" data-element_type=\"section\">\n\t\t\t\t\t\t<div class=\"elementor-container elementor-column-gap-no\">\n\t\t\t\t\t<div class=\"elementor-column elementor-col-50 elementor-inner-column elementor-element elementor-element-055918a\" data-id=\"055918a\" data-element_type=\"column\">\n\t\t\t<div class=\"elementor-widget-wrap elementor-element-populated\">\n\t\t\t\t\t\t\t\t<div class=\"elementor-element elementor-element-0f04a96 elementor-widget-divider--view-line elementor-widget elementor-widget-divider\" data-id=\"0f04a96\" data-element_type=\"widget\" data-widget_type=\"divider.default\">\n\t\t\t\t<div class=\"elementor-widget-container\">\n\t\t\t\t\t<div class=\"elementor-divider\">\n\t\t\t<span class=\"elementor-divider-separator\">\n\t\t\t\t\t\t<\/span>\n\t\t<\/div>\n\t\t\t\t<\/div>\n\t\t\t\t<\/div>\n\t\t\t\t<div class=\"elementor-element elementor-element-2dbce64 elementor-widget elementor-widget-heading\" data-id=\"2dbce64\" data-element_type=\"widget\" data-widget_type=\"heading.default\">\n\t\t\t\t<div class=\"elementor-widget-container\">\n\t\t\t<h2 class=\"elementor-heading-title elementor-size-default\">Empresa de Mudan\u00e7as Sorocaba<\/h2>\t\t<\/div>\n\t\t\t\t<\/div>\n\t\t\t\t\t<\/div>\n\t\t<\/div>\n\t\t\t\t<div class=\"elementor-column elementor-col-50 elementor-inner-column elementor-element elementor-element-8c4e873\" data-id=\"8c4e873\" data-element_type=\"column\">\n\t\t\t<div class=\"elementor-widget-wrap elementor-element-populated\">\n\t\t\t\t\t\t\t\t<div class=\"elementor-element elementor-element-3f8fe23 elementor-widget elementor-widget-text-editor\" data-id=\"3f8fe23\" data-element_type=\"widget\" data-widget_type=\"text-editor.default\">\n\t\t\t\t<div class=\"elementor-widget-container\">\n\t\t\t\t\t<div class=\"elementor-text-editor elementor-clearfix\"><p>Mudan\u00e7as podem <a id=\"146\" tabindex=\"0\" role=\"button\" contenteditable=\"false\"><\/a>ser uma grande <a id=\"1147\" tabindex=\"0\" role=\"button\" contenteditable=\"false\"><\/a>dor de <a id=\"8909\" tabindex=\"0\" role=\"button\" contenteditable=\"false\"><\/a>cabe\u00e7a. <a id=\"6418\" tabindex=\"0\" role=\"button\" contenteditable=\"false\"><\/a>Sem <a id=\"460\" tabindex=\"0\" title=\"\" role=\"button\" contenteditable=\"false\" data-original-title=\"\"><\/a>contar <a id=\"502\" tabindex=\"0\" role=\"button\" contenteditable=\"false\"><\/a>com todos os percal\u00e7os e imprevistos que podem <a id=\"1144\" tabindex=\"0\" role=\"button\" contenteditable=\"false\"><\/a>vir a <a id=\"344\" tabindex=\"0\" role=\"button\" contenteditable=\"false\"><\/a>acontecer <a id=\"636\" tabindex=\"0\" role=\"button\" contenteditable=\"false\"><\/a>desde o <a id=\"846\" tabindex=\"0\" title=\"\" role=\"button\" contenteditable=\"false\" data-original-title=\"\"><\/a>planejamento at\u00e9 a chegada no <a id=\"332\" tabindex=\"0\" role=\"button\" contenteditable=\"false\"><\/a>novo endere\u00e7o. Por <a id=\"1048\" tabindex=\"0\" role=\"button\" contenteditable=\"false\"><\/a>isso <a id=\"284\" tabindex=\"0\" role=\"button\" contenteditable=\"false\"><\/a>mesmo, na <a id=\"12732\" tabindex=\"0\" role=\"button\" contenteditable=\"false\"><\/a>hora de <a id=\"448\" tabindex=\"0\" role=\"button\" contenteditable=\"false\"><\/a>mudar, conte <a id=\"502\" tabindex=\"0\" role=\"button\" contenteditable=\"false\"><\/a>com um <a id=\"6827\" tabindex=\"0\" role=\"button\" contenteditable=\"false\"><\/a>parceiro que entenda do <a id=\"307\" tabindex=\"0\" role=\"button\" contenteditable=\"false\"><\/a>assunto e possa <a id=\"154\" tabindex=\"0\" role=\"button\" contenteditable=\"false\"><\/a>oferecer a voc\u00ea toda a <a id=\"11235\" class=\"text-changed\" tabindex=\"0\" title=\"\" role=\"button\" contenteditable=\"false\" data-original-title=\"\"><\/a>sossego e <a id=\"715\" tabindex=\"0\" role=\"button\" contenteditable=\"false\"><\/a>confian\u00e7a que <a id=\"736\" class=\"text-changed\" tabindex=\"0\" title=\"\" role=\"button\" contenteditable=\"false\" data-original-title=\"\"><\/a>apenas uma <a id=\"215\" tabindex=\"0\" role=\"button\" contenteditable=\"false\"><\/a>empresa que voc\u00ea pode confiar Mudan\u00e7as em Sorocaba Inovar<\/p><\/div>\n\t\t\t\t<\/div>\n\t\t\t\t<\/div>\n\t\t\t\t\t<\/div>\n\t\t<\/div>\n\t\t\t\t\t\t\t<\/div>\n\t\t<\/section>\n\t\t\t\t<section class=\"elementor-section elementor-inner-section elementor-element elementor-element-d549cbd elementor-section-boxed elementor-section-height-default elementor-section-height-default\" data-id=\"d549cbd\" data-element_type=\"section\">\n\t\t\t\t\t\t<div class=\"elementor-container elementor-column-gap-no\">\n\t\t\t\t\t<div class=\"elementor-column elementor-col-50 elementor-inner-column elementor-element elementor-element-9e6b574\" data-id=\"9e6b574\" data-element_type=\"column\">\n\t\t\t<div class=\"elementor-widget-wrap elementor-element-populated\">\n\t\t\t\t\t\t\t\t<div class=\"elementor-element elementor-element-d276a13 elementor-widget-divider--view-line elementor-widget elementor-widget-divider\" data-id=\"d276a13\" data-element_type=\"widget\" data-widget_type=\"divider.default\">\n\t\t\t\t<div class=\"elementor-widget-container\">\n\t\t\t\t\t<div class=\"elementor-divider\">\n\t\t\t<span class=\"elementor-divider-separator\">\n\t\t\t\t\t\t<\/span>\n\t\t<\/div>\n\t\t\t\t<\/div>\n\t\t\t\t<\/div>\n\t\t\t\t<div class=\"elementor-element elementor-element-9ac795a elementor-widget elementor-widget-heading\" data-id=\"9ac795a\" data-element_type=\"widget\" data-widget_type=\"heading.default\">\n\t\t\t\t<div class=\"elementor-widget-container\">\n\t\t\t<h2 class=\"elementor-heading-title elementor-size-default\">Mudan\u00e7as com Carinho Feita para Voc\u00ea.<\/h2>\t\t<\/div>\n\t\t\t\t<\/div>\n\t\t\t\t\t<\/div>\n\t\t<\/div>\n\t\t\t\t<div class=\"elementor-column elementor-col-50 elementor-inner-column elementor-element elementor-element-bf6547e\" data-id=\"bf6547e\" data-element_type=\"column\">\n\t\t\t<div class=\"elementor-widget-wrap elementor-element-populated\">\n\t\t\t\t\t\t\t\t<div class=\"elementor-element elementor-element-e7b0558 elementor-widget elementor-widget-text-editor\" data-id=\"e7b0558\" data-element_type=\"widget\" data-widget_type=\"text-editor.default\">\n\t\t\t\t<div class=\"elementor-widget-container\">\n\t\t\t\t\t<div class=\"elementor-text-editor elementor-clearfix\"><p><a id=\"502\" tabindex=\"0\" role=\"button\" contenteditable=\"false\"><\/a>Com <a id=\"1052\" tabindex=\"0\" role=\"button\" contenteditable=\"false\"><\/a>dedica\u00e7\u00e3o e profissionalismo e <a id=\"869\" tabindex=\"0\" title=\"\" role=\"button\" contenteditable=\"false\" data-original-title=\"\"><\/a>determina\u00e7\u00e3o, a Inovar Mudan\u00e7as busca <a id=\"254\" class=\"text-changed\" tabindex=\"0\" title=\"\" role=\"button\" contenteditable=\"false\" data-original-title=\"\"><\/a>continuamente nos servi\u00e7os prestados o <a id=\"56\" tabindex=\"0\" role=\"button\" contenteditable=\"false\"><\/a>resultado de <a id=\"117\" class=\"text-changed\" tabindex=\"0\" title=\"\" role=\"button\" contenteditable=\"false\" data-original-title=\"\"><\/a>\u00eaxito, <a id=\"367\" tabindex=\"0\" role=\"button\" contenteditable=\"false\"><\/a>motivo <a id=\"4707\" tabindex=\"0\" role=\"button\" contenteditable=\"false\"><\/a>pelo qual a <a id=\"215\" tabindex=\"0\" role=\"button\" contenteditable=\"false\"><\/a>empresa prosperou, contratou mais funcion\u00e1rios, aumentou sua <a id=\"194\" tabindex=\"0\" role=\"button\" contenteditable=\"false\"><\/a>estrutura, inovou seus conceitos, modernizou sua <a id=\"13193\" tabindex=\"0\" role=\"button\" contenteditable=\"false\"><\/a>frota e equipamentos e qualificou seu <a id=\"522\" class=\"text-changed\" tabindex=\"0\" title=\"\" role=\"button\" contenteditable=\"false\" data-original-title=\"\"><\/a>recep\u00e7\u00e3o. <a id=\"1048\" tabindex=\"0\" role=\"button\" contenteditable=\"false\"><\/a>Isso tudo para <a id=\"68\" class=\"text-changed\" tabindex=\"0\" title=\"\" role=\"button\" contenteditable=\"false\" data-original-title=\"\"><\/a>favorecer aos clientes <a id=\"11235\" class=\"text-changed\" tabindex=\"0\" title=\"\" role=\"button\" contenteditable=\"false\" data-original-title=\"\"><\/a>paz e <a id=\"715\" class=\"text-changed\" tabindex=\"0\" title=\"\" role=\"button\" contenteditable=\"false\" data-original-title=\"\"><\/a>seguran\u00e7a na <a id=\"12732\" tabindex=\"0\" role=\"button\" contenteditable=\"false\"><\/a>hora de <a id=\"448\" tabindex=\"0\" role=\"button\" contenteditable=\"false\"><\/a>mudar. Conte <a id=\"502\" tabindex=\"0\" role=\"button\" contenteditable=\"false\"><\/a>com nossa <a id=\"1052\" tabindex=\"0\" role=\"button\" contenteditable=\"false\"><\/a>dedica\u00e7\u00e3o em <a id=\"195\" tabindex=\"0\" title=\"\" role=\"button\" contenteditable=\"false\" data-original-title=\"\"><\/a>atender bem, <a id=\"502\" tabindex=\"0\" role=\"button\" contenteditable=\"false\"><\/a>com or\u00e7amento <a id=\"248\" class=\"text-changed\" tabindex=\"0\" title=\"\" role=\"button\" contenteditable=\"false\" data-original-title=\"\"><\/a>veloz e <a id=\"1294\" tabindex=\"0\" role=\"button\" contenteditable=\"false\"><\/a>justo.<\/p><\/div>\n\t\t\t\t<\/div>\n\t\t\t\t<\/div>\n\t\t\t\t\t<\/div>\n\t\t<\/div>\n\t\t\t\t\t\t\t<\/div>\n\t\t<\/section>\n\t\t\t\t\t<\/div>\n\t\t<\/div>\n\t\t\t\t\t\t\t<\/div>\n\t\t<\/section>\n\t\t\t\t\t\t<\/div>\n\t\t\t\t\t<\/div>\n\t\t","protected":false},"excerpt":{"rendered":"<p>Empresa de Mudan\u00e7as Empresa de Mudan\u00e7as Sorocaba Mudan\u00e7as podem ser uma grande dor de cabe\u00e7a. Sem contar com todos os percal\u00e7os e imprevistos que podem vir a acontecer desde o planejamento at\u00e9 a chegada no novo endere\u00e7o. Por isso mesmo, na hora de mudar, conte com um parceiro que entenda do assunto e possa oferecer &hellip;<\/p>\n<p class=\"read-more\"> <a class=\"\" href=\"https:\/\/inovarmudancas.com.br\/index.php\/empresa\/\"> <span class=\"screen-reader-text\">Empresa<\/span> Read More &raquo;<\/a><\/p>\n","protected":false},"author":1,"featured_media":1207,"parent":0,"menu_order":0,"comment_status":"closed","ping_status":"closed","template":"","meta":{"om_disable_all_campaigns":false,"_monsterinsights_skip_tracking":false,"_monsterinsights_sitenote_active":false,"_monsterinsights_sitenote_note":"","_monsterinsights_sitenote_category":0},"yoast_head":"<!-- This site is optimized with the Yoast SEO plugin v16.1.1 - https:\/\/yoast.com\/wordpress\/plugins\/seo\/ -->\n<title>Empresa - Inovar Mudan\u00e7as Sorocaba<\/title>\n<meta name=\"description\" content=\"Somos uma empresa de mudan\u00e7as em Sorocaba especializada fa\u00e7a sua cota\u00e7\u00e3o servi\u00e7os diferenciados inovando Sorocaba\" \/>\n<link rel=\"canonical\" href=\"https:\/\/inovarmudancas.com.br\/index.php\/empresa\/\" \/>\n<meta property=\"og:locale\" content=\"en_US\" \/>\n<meta property=\"og:type\" content=\"article\" \/>\n<meta property=\"og:title\" content=\"Empresa - Inovar Mudan\u00e7as Sorocaba\" \/>\n<meta property=\"og:description\" content=\"Somos uma empresa de mudan\u00e7as em Sorocaba especializada fa\u00e7a sua cota\u00e7\u00e3o servi\u00e7os diferenciados inovando Sorocaba\" \/>\n<meta property=\"og:url\" content=\"https:\/\/inovarmudancas.com.br\/index.php\/empresa\/\" \/>\n<meta property=\"og:site_name\" content=\"Inovar Mudan\u00e7as Sorocaba\" \/>\n<meta property=\"article:modified_time\" content=\"2021-04-17T17:15:50+00:00\" \/>\n<meta property=\"og:image\" content=\"https:\/\/inovarmudancas.com.br\/wp-content\/uploads\/2021\/04\/imagem-inovar-mudancas-1.png\" \/>\n\t<meta property=\"og:image:width\" content=\"760\" \/>\n\t<meta property=\"og:image:height\" content=\"630\" \/>\n<meta name=\"twitter:card\" content=\"summary_large_image\" \/>\n<meta name=\"twitter:label1\" content=\"Est. reading time\">\n\t<meta name=\"twitter:data1\" content=\"1 minute\">\n<script type=\"application\/ld+json\" class=\"yoast-schema-graph\">{\"@context\":\"https:\/\/schema.org\",\"@graph\":[{\"@type\":\"WebSite\",\"@id\":\"https:\/\/inovarmudancas.com.br\/#website\",\"url\":\"https:\/\/inovarmudancas.com.br\/\",\"name\":\"Inovar Mudan\\u00e7as Sorocaba\",\"description\":\"S\\u00f3 mais um site WordPress\",\"potentialAction\":[{\"@type\":\"SearchAction\",\"target\":\"https:\/\/inovarmudancas.com.br\/?s={search_term_string}\",\"query-input\":\"required name=search_term_string\"}],\"inLanguage\":\"en-US\"},{\"@type\":\"ImageObject\",\"@id\":\"https:\/\/inovarmudancas.com.br\/index.php\/empresa\/#primaryimage\",\"inLanguage\":\"en-US\",\"url\":\"https:\/\/inovarmudancas.com.br\/wp-content\/uploads\/2021\/04\/imagem-inovar-mudancas-1.png\",\"contentUrl\":\"https:\/\/inovarmudancas.com.br\/wp-content\/uploads\/2021\/04\/imagem-inovar-mudancas-1.png\",\"width\":760,\"height\":630,\"caption\":\"mudan\\u00e7a sorocaba\"},{\"@type\":\"WebPage\",\"@id\":\"https:\/\/inovarmudancas.com.br\/index.php\/empresa\/#webpage\",\"url\":\"https:\/\/inovarmudancas.com.br\/index.php\/empresa\/\",\"name\":\"Empresa - Inovar Mudan\\u00e7as Sorocaba\",\"isPartOf\":{\"@id\":\"https:\/\/inovarmudancas.com.br\/#website\"},\"primaryImageOfPage\":{\"@id\":\"https:\/\/inovarmudancas.com.br\/index.php\/empresa\/#primaryimage\"},\"datePublished\":\"2021-02-04T05:11:51+00:00\",\"dateModified\":\"2021-04-17T17:15:50+00:00\",\"description\":\"Somos uma empresa de mudan\\u00e7as em Sorocaba especializada fa\\u00e7a sua cota\\u00e7\\u00e3o servi\\u00e7os diferenciados inovando Sorocaba\",\"breadcrumb\":{\"@id\":\"https:\/\/inovarmudancas.com.br\/index.php\/empresa\/#breadcrumb\"},\"inLanguage\":\"en-US\",\"potentialAction\":[{\"@type\":\"ReadAction\",\"target\":[\"https:\/\/inovarmudancas.com.br\/index.php\/empresa\/\"]}]},{\"@type\":\"BreadcrumbList\",\"@id\":\"https:\/\/inovarmudancas.com.br\/index.php\/empresa\/#breadcrumb\",\"itemListElement\":[{\"@type\":\"ListItem\",\"position\":1,\"item\":{\"@type\":\"WebPage\",\"@id\":\"https:\/\/inovarmudancas.com.br\/\",\"url\":\"https:\/\/inovarmudancas.com.br\/\",\"name\":\"In\\u00edcio\"}},{\"@type\":\"ListItem\",\"position\":2,\"item\":{\"@type\":\"WebPage\",\"@id\":\"https:\/\/inovarmudancas.com.br\/index.php\/empresa\/\",\"url\":\"https:\/\/inovarmudancas.com.br\/index.php\/empresa\/\",\"name\":\"Empresa\"}}]}]}<\/script>\n<!-- \/ Yoast SEO plugin. -->","uagb_featured_image_src":{"full":["https:\/\/inovarmudancas.com.br\/wp-content\/uploads\/2021\/04\/imagem-inovar-mudancas-1.png",760,630,false],"thumbnail":["https:\/\/inovarmudancas.com.br\/wp-content\/uploads\/2021\/04\/imagem-inovar-mudancas-1-150x150.png",150,150,true],"medium":["https:\/\/inovarmudancas.com.br\/wp-content\/uploads\/2021\/04\/imagem-inovar-mudancas-1-300x249.png",300,249,true],"medium_large":["https:\/\/inovarmudancas.com.br\/wp-content\/uploads\/2021\/04\/imagem-inovar-mudancas-1.png",760,630,false],"large":["https:\/\/inovarmudancas.com.br\/wp-content\/uploads\/2021\/04\/imagem-inovar-mudancas-1.png",760,630,false],"1536x1536":["https:\/\/inovarmudancas.com.br\/wp-content\/uploads\/2021\/04\/imagem-inovar-mudancas-1.png",760,630,false],"2048x2048":["https:\/\/inovarmudancas.com.br\/wp-content\/uploads\/2021\/04\/imagem-inovar-mudancas-1.png",760,630,false],"woocommerce_thumbnail":["https:\/\/inovarmudancas.com.br\/wp-content\/uploads\/2021\/04\/imagem-inovar-mudancas-1-300x300.png",300,300,true],"woocommerce_single":["https:\/\/inovarmudancas.com.br\/wp-content\/uploads\/2021\/04\/imagem-inovar-mudancas-1-600x497.png",600,497,true],"woocommerce_gallery_thumbnail":["https:\/\/inovarmudancas.com.br\/wp-content\/uploads\/2021\/04\/imagem-inovar-mudancas-1-100x100.png",100,100,true],"shop_catalog":["https:\/\/inovarmudancas.com.br\/wp-content\/uploads\/2021\/04\/imagem-inovar-mudancas-1-300x300.png",300,300,true],"shop_single":["https:\/\/inovarmudancas.com.br\/wp-content\/uploads\/2021\/04\/imagem-inovar-mudancas-1.png",600,497,false],"shop_thumbnail":["https:\/\/inovarmudancas.com.br\/wp-content\/uploads\/2021\/04\/imagem-inovar-mudancas-1-100x100.png",100,100,true]},"uagb_author_info":{"display_name":"Mudan\u00e7as em Sorocaba Inovar","author_link":"https:\/\/inovarmudancas.com.br\/index.php\/author\/mudancasrei\/"},"uagb_comment_info":0,"uagb_excerpt":"Empresa de Mudan\u00e7as Empresa de Mudan\u00e7as Sorocaba Mudan\u00e7as podem ser uma grande dor de cabe\u00e7a. Sem contar com todos os percal\u00e7os e imprevistos que podem vir a acontecer desde o planejamento at\u00e9 a chegada no novo endere\u00e7o. Por isso mesmo, na hora de mudar, conte com um parceiro que entenda do assunto e possa oferecer&hellip;","_links":{"self":[{"href":"https:\/\/inovarmudancas.com.br\/index.php\/wp-json\/wp\/v2\/pages\/1185"}],"collection":[{"href":"https:\/\/inovarmudancas.com.br\/index.php\/wp-json\/wp\/v2\/pages"}],"about":[{"href":"https:\/\/inovarmudancas.com.br\/index.php\/wp-json\/wp\/v2\/types\/page"}],"author":[{"embeddable":true,"href":"https:\/\/inovarmudancas.com.br\/index.php\/wp-json\/wp\/v2\/users\/1"}],"replies":[{"embeddable":true,"href":"https:\/\/inovarmudancas.com.br\/index.php\/wp-json\/wp\/v2\/comments?post=1185"}],"version-history":[{"count":7,"href":"https:\/\/inovarmudancas.com.br\/index.php\/wp-json\/wp\/v2\/pages\/1185\/revisions"}],"predecessor-version":[{"id":1371,"href":"https:\/\/inovarmudancas.com.br\/index.php\/wp-json\/wp\/v2\/pages\/1185\/revisions\/1371"}],"wp:featuredmedia":[{"embeddable":true,"href":"https:\/\/inovarmudancas.com.br\/index.php\/wp-json\/wp\/v2\/media\/1207"}],"wp:attachment":[{"href":"https:\/\/inovarmudancas.com.br\/index.php\/wp-json\/wp\/v2\/media?parent=1185"}],"curies":[{"name":"wp","href":"https:\/\/api.w.org\/{rel}","templated":true}]}}